factor of 20 and c?
5
Let m(z) = 4*z + 3. Let d be m(3). Let k(y) = y**2 + y - 1. Let t be k(-3). What is the highest common factor of d and t?
5
Let r(i) be the third derivative of -i**4/24 - 2*i**3/3 + 2*i**2. Let m be r(-8). Let p be (-3983)/(-63) - m/18. What is the greatest common divisor of 9 and p?
9
Let y(o) = -o**3 - 5*o**2 - 3*o + 5. Let u be y(-5). Suppose -6 = -a - 2*z, -5*a + 0*z = -z - 41. Calculate the highest common divisor of u and a.
4
Suppose -45 - 153 = 2*y. Let j = y - -153. Suppose -5*z = 4*o - 34, 0*o = 5*z - o - j. Calculate the greatest common factor of z and 15.
5
Suppose 3*x = 2*l - 234, -4*x + 364 + 221 = 5*l. Calculate the greatest common divisor of l and 78.
39
Let c(k) = 4*k - 3. Let m be c(2). Let b be 2/9 + (-831)/(-27). Let l = 46 - b. What is the greatest common divisor of m and l?
5
Let c(m) = -4*m - 1. Let p = 3 + -7. Let s be c(p). What is the highest common factor of s and 5?
5
Let l = 20 - 14. Suppose t + 24 = -3*t. Let n = -4 - t. What is the highest common factor of l and n?
2
Suppose -2*u - 2*p = 2*u - 24, 2*p = -u. What is the greatest common divisor of 24 and u?
8
Let j be 394/8 + (-3)/(-4). What is the greatest common factor of 125 and j?
25
Suppose -5*k + 9*k = -24. Let m be -12*-3*(-3)/k. What is the greatest common divisor of m and 27?
9
Let s = 29 + -20. Calculate the highest common divisor of 27 and s.
9
Suppose -t + 10 = -2*t + 3*a, 0 = -2*t + 5*a - 16. Suppose 4 = x + t. Let m be 7*x/(-4)*-2. Calculate the highest common factor of m and 21.
7
Let n = 86 + -129. Let p = 22 + n. Let u be 4/14 + (-36)/p. Calculate the highest common divisor of 8 and u.
2
Suppose 1268 = -0*c - 3*c - 5*g, 2140 = -5*c + 5*g. Let p = 624 + c. What is the greatest common factor of p and 18?
18
Let j be ((-1)/(1/1))/(12/(-84)). Let g = -9 + 16. Calculate the highest common factor of j and g.
7
Let x be 1/(-3)*(-26 + 8). Calculate the greatest common factor of 18 and x.
6
Suppose -2*m = 2*m - 12, -2*m = 2*g - 248. Let t = -20 + 31. Calculate the highest common divisor of t and g.
11
Suppose 38 = 5*p - 112. What is the highest common divisor of p and 12?
6
Let f(c) = -c + 3. Let o be f(5). Let n(r) = r**2 + r + 1. Let i be n(o). Calculate the greatest common divisor of 3 and i.
3
Suppose 4*o - 2*g - 30 = -0*o, 10 = o + 2*g. What is the highest common divisor of 44 and o?
4
Let n(c) = -c + 255. Let m be n(0). What is the greatest common divisor of 51 and m?
51
Let k be (-2)/(-6) + (-194)/(-3). Suppose -4*v = -k - 35. Calculate the greatest common divisor of 100 and v.
25
Let s be (32/(-6) - 2)*-3. Calculate the greatest common factor of s and 55.
11
Suppose 21 = 3*z - 63. Let u = 2 + 1. Let a be (-715)/(-10) + u/(-2). What is the highest common divisor of a and z?
14
Suppose -5*r + 40 = 5*u, 3*u + 51 = 3*r + 3. Suppose -2*m = 4*t - 196, -5*m + 545 = -0*m - t. What is the greatest common factor of m and r?
12
Let z(j) = -5*j - 28. Let g be z(-14). Calculate the highest common divisor of 14 and g.
14
Suppose 2*l + x - 17 - 3 = 0, 0 = -4*x. Let j be 1/2 - (-35)/l. Calculate the highest common factor of j and 28.
4
Let p be (6/(-8))/((-4)/(-176)). Let o be 6/p - (-783)/11. Let q = 170 - o. Calculate the greatest common divisor of q and 11.
11
Let r be (14/(-5))/(((-8)/10)/4). What is the highest common divisor of r and 35?
7
Suppose -3*f = -2*l + 113, -3*l + 2*f + 103 = -79. Calculate the highest common divisor of 96 and l.
32
Let z(w) = 0 + 0*w + 5*w**3 + 0 - w. Let x be z(1). What is the greatest common factor of 16 and x?
4
Suppose 0 = 2*o + 3*o - 250. What is the highest common factor of o and 25?
25
Let f(b) = 144*b**2 - 2*b + 2. Let s be f(1). What is the greatest common divisor of s and 18?
18
Let z(m) = m**2 - 14*m - 4. Let q be z(15). What is the highest common divisor of 121 and q?
11
Let m = -23 - -58. What is the greatest common divisor of m and 14?
7
Let p(a) = -2*a**3 - a**2 - a. Let v = 6 - 7. Let m be p(v). Calculate the greatest common factor of 22 and m.
2
Let i(d) = -4*d**3 + d**2 - 2*d + 1. Let c be i(2). Let a = c + 49. Let z(r) = -6*r**3 + r + 1. Let q be z(-1). What is the greatest common factor of q and a?
6
Let d(b) be the third derivative of -b**6/120 + b**5/10 - b**4/8 - b**3 + 4*b**2. Let o be d(5). Calculate the highest common divisor of o and 12.
4
Let b(d) = d**3 - 3*d**2 + 10*d - 1. Let x be b(4). Suppose 3*l - 7*l = -20. Calculate the greatest common divisor of x and l.
5
Suppose 2*d - 7 - 1 = 0. What is the highest common factor of d and 6?
2
Let k be 6/8 + 93/4. Suppose 3*t = -q - 0*t + 60, -4*t = 2*q - 128. What is the highest common divisor of k and q?
24
Suppose 5*j - 78 = 2*g, 2*j = 4*j - 5*g - 48. Calculate the highest common factor of 56 and j.
14
Let k(q) = -q**2 + 6*q + 3. Let m be k(4). Suppose 0 = 4*r + 3*s - 42, r = -0*r - s + m. What is the greatest common divisor of 72 and r?
9
Let x = -4 - -8. Let q(p) = -p**2 - 11*p + 8. Let y be q(-11). Let f = y - x. Calculate the highest common factor of 32 and f.
4
Let l = -11 - -19. Calculate the highest common factor of l and 4.
4
Suppose -5*y + 4*g + 201 = 0, g - 5 = -3*y + 102. Calculate the greatest common divisor of 407 and y.
37
Let h = -118 - -246. Suppose -3*g - h + 338 = 0. What is the greatest common factor of 14 and g?
14
Let z be (-21)/((-1)/2*3). What is the greatest common divisor of z and 140?
14
Let t = 2 - -1. Suppose -4*k = -t*k - 48. Let b(n) = n**3 - 11*n**2 - 11*n - 4. Let v be b(12). Calculate the greatest common factor of v and k.
8
Let o = -12 - -12. Suppose 0 = -v - o*v + 14. What is the greatest common factor of v and 7?
7
Let a be 21/2 + 23/(-46). Calculate the highest common divisor of 110 and a.
10
Suppose 0 = -2*f + 938 - 256. What is the highest common factor of 31 and f?
31
Let k be (99/6 - 0)/(4/8). What is the greatest common divisor of k and 11?
11
Let n(p) = -p**3 - p**2 + p. Let v be n(-3). Suppose 4*m - 191 - 134 = -5*q, q + 220 = 3*m. What is the highest common divisor of v and m?
15
Suppose -4*k + 9 + 11 = 0. Suppose -3*l = -2*c - 17, 19 = k*l - 3*c - 11. Calculate the highest common factor of 18 and l.
9
Let n = 93 - 88. Calculate the highest common divisor of 145 and n.
5
Let z(w) = w**2 + 4*w + 3. Let d be z(-4). Let k = 0 + d. What is the greatest common factor of 2 and k?
1
Suppose -3*l = -5*j + j + 33, 0 = j - 5*l - 21. What is the highest common factor of 3 and j?
3
Let a(t) = 2*t - 1 - 5 + 11*t**2 + 8*t**2 + 4. Let c be a(-2). Calculate the highest common factor of 14 and c.
14
Let u(n) be the second derivative of -n**3/6 + n**2/2 - 2*n. Let o be u(-3). Let q = 96 - 68. What is the greatest common factor of o and q?
4
Suppose 0*w = w. Suppose w*y - 143 = -y. Suppose -2*n + 5 = -21. Calculate the highest common factor of n and y.
13
Suppose 2*g + 7 + 4 = l, 4*g = -4*l + 92. Calculate the highest common divisor of l and 19.
19
Let g(y) = -11*y + 3. Let p = -5 - -2. Let l be g(p). Let j = 4 + 5. What is the highest common factor of j and l?
9
Let z = -30 - -51. Calculate the greatest common factor of 189 and z.
21
Let b be ((-75)/(-12))/(3/48*2). Calculate the highest common divisor of b and 100.
50
Suppose -42 - 228 = -3*t. Suppose -20*y + t = -15*y. Calculate the greatest common divisor of 72 and y.
18
Let m = -42 - -61. Let f = m - -66. Calculate the highest common divisor of 34 and f.
17
Suppose 0 = -5*k + 5*b + 714 - 14, 5*b + 557 = 4*k. Suppose -j = -2*j + 13. What is the highest common divisor of j and k?
13
Suppose -5*s + 89 = -m, s - 4*m = -4*s + 101. Calculate the greatest common divisor of s and 17.
17
Let n(u) = -9*u**3 - 6*u. Let h(x) = -17*x**3 - 11*x + 1. Let v(c) = -3*h(c) + 5*n(c). Let q be v(2). Calculate the highest common divisor of 34 and q.
17
Let w be 4/(-3)*(-9)/(-6). Let n be -2*(w + (-1 - -2)). Calculate the greatest common divisor of n and 2.
2
Suppose 0 = 2*k + 2*x - 10, 4*x + x = 3*k + 9. Suppose k*g + 2*g - 48 = 0. Calculate the greatest common divisor of g and 30.
6
Let n(m) = -m + 168. Let b = -29 + 29. Let a be n(b). Let p be (24/(-10))/((-3)/30). What is the greatest common factor of p and a?
24
Let d(h) = -h**2 - 10*h - 13. Let u be d(-8). Calculate the greatest common factor of u and 27.
3
Let q(t) = -4*t + t + 6*t. Let s = -1 + 2. Let c be q(s). What 